- 20/h. What is the units digit of 2/r + (-1107)/(-21)?
3
Let z(r) = 2*r**3 + 8*r**2 - r - 8. Let o be z(-6). Let l(x) = -x**3 + 23*x**2 - 63*x - 25. Let y be l(20). Let a = y - o. What is the tens digit of a?
6
What is the hundreds digit of -185*(3670/(-350) + (-4)/(-14))?
8
Suppose -3*n + 15 = -2*b, 3*b + 36 = -4*n - 12. Let v(o) = -2*o - 23. What is the units digit of v(b)?
1
Let x = -2610 - -5705. What is the hundreds digit of x?
0
Let v(x) = 14*x**3 + 4*x**2 + 5*x + 1. Let h be v(-2). Let u = 30 - h. What is the units digit of u?
5
Let r be 40/12*9/6. Let l be -17*((3 - 4) + -2). Suppose -4*x + r*i + 74 = 0, -3*x - 2*i + 16 = -l. What is the tens digit of x?
2
Let r(a) = -3 + 7 - 3 - a**3 - a**2 - a. Let y be r(-2). Suppose -v = -2*j - y, 25 = 4*v - 9*j + 4*j. What is the units digit of v?
5
Let n be (-2 + -1)/((-12)/16). Suppose -i = n - 16. What is the tens digit of i?
1
Suppose -1 + 20 = -i. Let q = -13 - i. Let d(c) = -c + 14. What is the units digit of d(q)?
8
Let y be (80/15)/((-7)/(-21) - 1). Let z(v) = 5*v**3 - 2 + 8*v**2 - v**3 - 3*v**3 - 4*v. What is the tens digit of z(y)?
3
Let y be -4 + (1 + 4 - 3). Let z(g) = g - g**3 + 2*g**3 - 2*g**3 + 2*g**2 - 4*g**3. What is the tens digit of z(y)?
4
Let d be (-4)/6 - (-85)/15. Suppose d*x = -2*o - 57, -2*o = 4*x - 4*o + 42. Let j = x - -23. What is the units digit of j?
2
Suppose -2*m - 2 = -5*w + 6, -3*w - 3*m + 9 = 0. Suppose -c + 91 = 3*p - 6*p, w*p + 334 = 4*c. What is the units digit of c?
2
Let a = 1475 - 998. What is the hundreds digit of a?
4
Let g(b) = 2*b**3 - 77*b**2 - 55*b - 68. What is the thousands digit of g(40)?
2
Let x be (3 - (-9)/(-6))*2. Let s be ((-2)/(-6))/(x/27). Let w = s + 0. What is the units digit of w?
3
Let p = 63 + 488. What is the units digit of p?
1
Let y = 11380 + -5622. What is the thousands digit of y?
5
Suppose -48 = 7*q + 176. What is the tens digit of q*(-4 + (-18)/(-8))?
5
Let s = 2 - 3. Let x be (-24)/(-9)*3/2 + -7. What is the tens digit of 308/12 + s/x?
2
Let z = -127 + 432. What is the hundreds digit of z?
3
Let f(b) = b**3 + 8*b**2 - 5*b - 2. What is the hundreds digit of f(10)?
7
Let y be (15/5 - -1) + -2. Suppose 4*x + 0*z - z - 300 = 0, 0 = y*x + 5*z - 150. What is the units digit of x?
5
Suppose -7*r = 1226 - 14064. What is the tens digit of r?
3
Suppose -3013*b + 19432 = -3006*b. What is the thousands digit of b?
2
Suppose 4*d - 492 = -76. Let h = -82 + d. What is the units digit of h?
2
Let a(j) = j**3 - 12*j**2 - 24*j + 6. What is the hundreds digit of a(15)?
3
What is the units digit of 24/(-132) - 14876/(-22)?
6
Suppose -5*f - 4*u + 7964 = 0, 3*f = -4*u - 2467 + 7247. What is the thousands digit of f?
1
Let k(d) = 10*d - 7. Let o(f) = -f + 1. Let p(v) = k(v) + 6*o(v). Let t be p(1). Suppose 4*s + t*n + 3 = 12, -2*n = -s + 16. What is the units digit of s?
6
Suppose 69*q = 269965 - 89047. What is the tens digit of q?
2
Suppose -9 = -2*c - 7. What is the tens digit of (4 + -12)*(-7*c - 0)?
5
What is the hundreds digit of 1*1*955/5*15?
8
Let d = -18 + 66. Suppose -z + 38 + d = 0. What is the tens digit of z?
8
Let t be (-1)/(-1*1/9). Suppose 1176 = t*c - 1353. What is the hundreds digit of c?
2
Let z = 112 + -171. Let w = 13 - z. What is the tens digit of w?
7
Suppose 6*y - 23 = 1. Let b(q) = -q**3 + 6*q**2 - 3*q - 5. What is the tens digit of b(y)?
1
Suppose 5*j + 136 = 4*f, -4*j = 4*f + 13 + 103. Let p be (-15)/(-4) - 7/j. Suppose -2*z - 200 = -4*w, p*w + 5*z = 6*w - 100. What is the units digit of w?
0
Suppose -5*x = -5*n, -5 - 4 = -3*x. Suppose -n*t + 4 = t. What is the units digit of -3*t*4/(-12)?
1
Let m = 233 + -53. What is the units digit of m?
0
Let s(h) be the first derivative of -h**6/120 - h**5/60 + 5*h**4/24 - 3*h**2/2 + 3. Let j(f) be the second derivative of s(f). What is the tens digit of j(-4)?
2
Let h be (6/(-3) - 2) + (-1 - 0). Let v(t) = t**3 + 4*t**2 - 7*t - 4. What is the units digit of v(h)?
6
Suppose 0 = -3*q - 15 - 0, 0 = 3*o - 2*q - 514. What is the tens digit of o?
6
Suppose 4*x - 5*q - 8 - 11 = 0, q - 2 = -5*x. Let d = x - 4. What is the tens digit of d/12 + 135/12?
1
Let d = 443 - -31. What is the hundreds digit of d?
4
What is the tens digit of 6/((-21895)/2190 + 10)?
2
Suppose -3*y + 8090 = 2162. What is the hundreds digit of y?
9
Suppose 0*c = -3*c. Suppose -14*h + 168 = -42. Suppose h = u - c*u. What is the tens digit of u?
1
Suppose -2*h + 7 - 119 = 0. Let s = h + 271. What is the units digit of s?
5
Let u(w) = 6*w + 18. Let v be u(-5). What is the units digit of ((-8)/6)/(v/27)?
3
Suppose -p - 4*w = -87, 0 = 6*p - 2*p - 5*w - 327. What is the units digit of p?
3
Suppose 0 = -2*a + 186 + 116. What is the units digit of a + -1 - (-28 - -27)?
1
What is the hundreds digit of 165 + (-4 + -1 - -6)*2?
1
Let k(z) = -z**3 - 9*z**2 - 3*z + 6. Suppose 9*r = 3*r - 54. What is the tens digit of k(r)?
3
Let u be 22/14 + (-15)/(-35). Suppose -5*v = -4*v + u. Let k(o) = 6*o**2 - o. What is the tens digit of k(v)?
2
Let j(z) = -z**2 - 9*z - 4. Let i be j(-9). Let u(w) = -3*w - 11. Let h be u(i). What is the units digit of (-4 - -2) + h*55?
3
Let i be (0 - 1)*(-9 + 17). Let h be (-858)/27 - i/(-36). Let m = h - -55. What is the tens digit of m?
2
What is the tens digit of (32/48)/((-2)/2514*-1)?
3
Let p be (0/2)/(-2 - 5 - -6). Suppose -t + 62 + 43 = p. What is the tens digit of t?
0
Let g = 15048 + -10056. What is the hundreds digit of g?
9
What is the units digit of 723/6 + (0 + -2)/(-4)?
1
Let p be (-4)/3*-3 - 3. Let x be 64 - 1/(p/(-3)). Let z = 110 - x. What is the tens digit of z?
4
Suppose -4*x = -g + 112, -9*g = -8*g - 2*x - 118. What is the hundreds digit of g?
1
Let g(n) = 13*n - 69. Let w = -88 - -114. What is the hundreds digit of g(w)?
2
Suppose -2*d - 2*u = 470, d + 107 = -2*u - 132. Let h = -120 - d. What is the units digit of h?
1
Let d(y) = -y**2 + 11*y + 15. Let l be d(12). Let w = 32 - l. Suppose -7*u + w = -6*u. What is the units digit of u?
9
Let r(v) = 2*v. Let k = -4 + 4. Suppose k = n - 1. What is the units digit of r(n)?
2
Let c(o) = -23*o - 5. Let m(q) = -22*q - 5. Let r(b) = -5*c(b) + 6*m(b). What is the tens digit of r(-5)?
8
Let l(o) = 3*o**2 + 9*o + 1. Let c be l(-6). Let r be 14/1*(-13)/(-2). Let g = r - c. What is the units digit of g?
6
Suppose o - 5*s - 407 = -35, 3*s = 2*o - 758. What is the tens digit of o?
8
Suppose 3 = 2*p - 1. Let w = 1 - p. What is the units digit of w/(144/(-140) - -1)?
5
Let q(b) = b**3 + 28*b**2 - 3*b - 12. What is the hundreds digit of q(9)?
9
What is the thousands digit of ((-1)/2)/((-546029)/(-54604) - 10)?
2
Let o(x) = x**3 + 11*x**2 - 4*x + 7. Let q be o(-12). Let y = 184 + q. What is the tens digit of y?
9
Let u = 17 + -13. Let d be (-1856)/28 + u/14. Let g = -20 - d. What is the units digit of g?
6
Let u = 244 + -123. Let t = u - 72. What is the tens digit of t?
4
Let l = 28 + -23. Let w(t) = 5*t - 6. Let o be w(l). Suppose 51 = s + r, 1 + o = -4*r. What is the tens digit of s?
5
Let j(l) = 3*l**2 + 2. Let h(m) = 2*m**2 + 1. Let k(c) = -5*h(c) + 4*j(c). What is the tens digit of k(2)?
1
Let v(r) = -41*r - 88. What is the units digit of v(-12)?
4
Let u(d) = -69*d**2 + d + 1. Let t be u(-1). Let o = -15 - t. What is the units digit of o?
4
Let n(z) = 31*z + 189. What is the tens digit of n(5)?
4
Suppose -2 = -v - 0. What is the units digit of v*5/(-10) - -26?
5
What is the tens digit of -13 + 677 - (-1 - 5)?
7
Let s be 66*-12*(-8)/12. Suppose 0*n + s = 4*n. Suppose 72 = 2*g - 2*l, 3*g + 29 = -2*l + n. What is the units digit of g?
5
Let f = 76 - 54. Let i(k) = k**3 - 11*k**2 - 39*k - 36. Let l be i(14). Suppose -f - l = -v. What is the units digit of v?
8
Let a = 44 + 17. Let t = a + 6. What is the tens digit of t?
6
Let i be (-60)/18*(-6)/(-4). What is the tens digit of (-938)/(-10) + i/(-25)?
9
Suppose 3473 = 25*v - 10452. What is the hundreds digit of v?
5
Let p(v) = -6*v**2 - 15 + 7*v**2 - 5 - 10 + 10*v. What is the units digit of p(12)?
4
Suppose -2*s = -0*j + 5*j - 110, 4*s - 264 = j. What is the tens digit of s?
6
Let o(d) = 5*d - 29. Let z = -32 + 41. What is the tens digit of o(z)?
1
Suppose 0 = 55*i - 12*i - 133859. What is the tens digit of i?
1
What is the thousands digit of (1391/(-214))/(670/(-668) - -1)?
2
Let i(w) = -91*w**3 + 9*w**2 - w